{"id":40,"date":"2014-11-14T15:59:14","date_gmt":"2014-11-14T14:59:14","guid":{"rendered":"http:\/\/newbike.at\/?page_id=40"},"modified":"2020-11-23T18:49:45","modified_gmt":"2020-11-23T17:49:45","slug":"verein","status":"publish","type":"page","link":"https:\/\/newbike.at\/?page_id=40","title":{"rendered":"Verein"},"content":{"rendered":"<h2>Team<\/h2>\n<p>Das Team Newbike m\u00f6chte vor allem Jugendlichen die M\u00f6glichkeit geben, in den Radsport hinein zu schnuppern, aber auch jeder ambitionierte Hobbyfahrer oder auch Lizenzfahrer ist herzlich willkommen. Es werden gemeinsame Ausfahrten durchgef\u00fchrt oder aber auch technische und taktische Teile vermittelt. Bei Interesse einfach im Gesch\u00e4ft vorbei kommen, oder \u00fcber Email Kontakt aufnehmen. Teamfahrer haben viele Vorteile!!!!!<\/p>\n<h2>Packages<\/h2>\n<p>Jeder Teamfahrer erh\u00e4lt f\u00fcr einen j\u00e4hrlichen Mitgliedsbeitrag von 50 Euro ein Teamtrikot. Weiters bekommen Teamfahrer 10% Rabatt auf alle Produkte im Shop.<\/p>\n<p><a href=\"https:\/\/www.facebook.com\/Newbike-330944840349639\" target=\"_blank\" rel=\"noopener noreferrer\"><span style=\"color: #8e680e;\">Mehr zum Team auf unserer<strong> Facebookseite&#8230;\u00a0 <\/strong><\/span><\/a><\/p>\n<hr \/>\n\n\n<div class=\"wp-block-image\"><figure class=\"alignleft size-large\"><img loading=\"lazy\" decoding=\"async\" width=\"602\" height=\"273\" src=\"http:\/\/newbike.at\/wp-content\/uploads\/2020\/11\/Verein2.jpg\" alt=\"\" class=\"wp-image-336\" srcset=\"https:\/\/newbike.at\/wp-content\/uploads\/2020\/11\/Verein2.jpg 602w, https:\/\/newbike.at\/wp-content\/uploads\/2020\/11\/Verein2-533x242.jpg 533w, https:\/\/newbike.at\/wp-content\/uploads\/2020\/11\/Verein2-600x272.jpg 600w\" sizes=\"auto, (max-width: 602px) 100vw, 602px\" \/><\/figure><\/div>\n","protected":false},"excerpt":{"rendered":"<p>Team Das Team Newbike m\u00f6chte vor allem Jugendlichen die M\u00f6glichkeit geben, in den Radsport hinein zu schnuppern, aber auch jeder ambitionierte Hobbyfahrer oder auch Lizenzfahrer ist herzlich willkommen. Es werden<a href=\"https:\/\/newbike.at\/?page_id=40\" class=\"more-link\"><span class=\"readmore\">Continue reading<span class=\"screen-reader-text\">Verein<\/span><\/span><\/a><\/p>\n","protected":false},"author":1,"featured_media":336,"parent":0,"menu_order":0,"comment_status":"closed","ping_status":"open","template":"","meta":{"jetpack_post_was_ever_published":false,"footnotes":""},"class_list":["post-40","page","type-page","status-publish","has-post-thumbnail","hentry"],"jetpack_sharing_enabled":true,"jetpack_shortlink":"https:\/\/wp.me\/P5E9wf-E","_links":{"self":[{"href":"https:\/\/newbike.at\/index.php?rest_route=\/wp\/v2\/pages\/40","targetHints":{"allow":["GET"]}}],"collection":[{"href":"https:\/\/newbike.at\/index.php?rest_route=\/wp\/v2\/pages"}],"about":[{"href":"https:\/\/newbike.at\/index.php?rest_route=\/wp\/v2\/types\/page"}],"author":[{"embeddable":true,"href":"https:\/\/newbike.at\/index.php?rest_route=\/wp\/v2\/users\/1"}],"replies":[{"embeddable":true,"href":"https:\/\/newbike.at\/index.php?rest_route=%2Fwp%2Fv2%2Fcomments&post=40"}],"version-history":[{"count":21,"href":"https:\/\/newbike.at\/index.php?rest_route=\/wp\/v2\/pages\/40\/revisions"}],"predecessor-version":[{"id":465,"href":"https:\/\/newbike.at\/index.php?rest_route=\/wp\/v2\/pages\/40\/revisions\/465"}],"wp:featuredmedia":[{"embeddable":true,"href":"https:\/\/newbike.at\/index.php?rest_route=\/wp\/v2\/media\/336"}],"wp:attachment":[{"href":"https:\/\/newbike.at\/index.php?rest_route=%2Fwp%2Fv2%2Fmedia&parent=40"}],"curies":[{"name":"wp","href":"https:\/\/api.w.org\/{rel}","templated":true}]}}